e 2*t - 7 - 61 = r. What is the remainder when t is divided by 12?
10
Let l(y) = -y + 5. Let k be l(8). Let p = k - -6. Suppose p*i - 83 + 32 = 0. What is the remainder when i is divided by 6?
5
Suppose -2*m + 5*m - 3*f = 141, 5*m = -5*f + 255. What is the remainder when 243 is divided by m?
47
What is the remainder when 51 is divided by (35/(-3) - -3)*3/(-2)?
12
Let r(d) = d**2 + 14*d + 9. Calculate the remainder when 44 is divided by r(-14).
8
Suppose 2*n = -2*o + 26 - 0, -58 = -4*n + 2*o. What is the remainder when 30 + 0 + (-96)/24 is divided by n?
12
Let f(g) = g**3 + 8*g**2 - 14*g - 18. Calculate the remainder when f(-9) is divided by 10.
7
Suppose 6 + 6 = -3*q. What is the remainder when 14 is divided by (-318)/(-39) - q/(-26)?
6
Let y(u) = u**2. Let c(d) = 11*d**2 + d + 1. Let v(z) = c(z) - 6*y(z). Calculate the remainder when 1 - ((-4)/3 + (-125)/3) is divided by v(2).
21
Let q(v) = -11*v + 1. Let s(y) = -6*y + 8. Calculate the remainder when s(-6) is divided by q(-2).
21
Let i = -8 + -3. Calculate the remainder when 32 is divided by (i/4)/(1/(-4)).
10
Calculate the remainder when 774/22 + (80/44 - 2) is divided by 9.
8
Let g(d) = -d**2 - 2*d. Let t be g(5). Suppose 3*x - 45 = -2*x. Calculate the remainder when x is divided by ((-14)/t)/(2/20).
1
Suppose -2*k + 4*k = -4. Let a be 22/8 - k/8. What is the remainder when 26 is divided by 1 + 1 - a - -10?
8
Let c(g) = g**2 - 7*g + 4. Let x be c(6). Let k = 23 - x. Calculate the remainder when 98 is divided by k.
23
Suppose 5*p + 5*s - 10 = 0, -6*p = -5*p + 2*s - 1. Calculate the remainder when p is divided by 3.
0
Let c be -3 + (-1 - 14*-1). Let s = c - 4. Calculate the remainder when 11 is divided by s.
5
Let b(s) = -27*s + 6. Let m be b(5). Let d = -59 - m. What is the remainder when d is divided by 24?
22
Let k = -2 + 0. Calculate the remainder when 12 is divided by -4*(26/(-8) - k).
2
Let n = 77 + -35. Calculate the remainder when n is divided by 9.
6
Let d(t) = 4*t - 4. What is the remainder when 79 is divided by d(5)?
15
Let z be (-4)/(-2) - 2/(-2). Suppose z*r - 11 = -2*u + 117, -142 = -3*r + 5*u. Calculate the remainder when 4 is divided by r/12 - (-2)/(-3).
1
Suppose -3*m = -5*t - 54, m - 3 = t + 15. Calculate the remainder when 34 is divided by m.
16
Suppose 0 = -3*o + 2*o - 3. Calculate the remainder when (o + 5)*39/6 is divided by 5.
3
Let v(d) = -d**2 - 8*d - 9. Let f be v(-6). Suppose h + 26 = f*h. Calculate the remainder when 24 is divided by h.
11
Calculate the remainder when (28/(-12))/((-1)/27) is divided by 16.
15
Let x(v) = -2*v**2 - 1 - v**2 - 1 - 10*v + 2*v**2. Suppose 4*w - 1 + 29 = 0. What is the remainder when x(w) is divided by 7?
5
Suppose 2*w - 4*w = -666. Let x = w + -219. Suppose 3*a - x = -3*m + a, -2*m + 76 = -3*a. Calculate the remainder when m is divided by 10.
8
Suppose -10*b + 126 = -3*b. What is the remainder when 105 is divided by b?
15
Let c = 11 + -8. Suppose 5*h + t - 85 + 1 = 0, 31 = 2*h + c*t. What is the remainder when 66 is divided by h?
15
Let p(y) = -2*y - 8. Let b be p(-8). Suppose 0 = l - b - 8. Calculate the remainder when 61 is divided by l.
13
Suppose 0*n - 5*n = 40. Let d(w) = -w + 11. Suppose -3*j = 2*p - 109, -3*p + 2*j + 170 = -0*j. What is the remainder when p is divided by d(n)?
18
Calculate the remainder when 2/6 - (-160)/6 is divided by 10.
7
Let m(s) = -2 - 4 + 2*s**2 - 3*s + 4*s**2 + s**3. Calculate the remainder when m(-6) is divided by 1*2 + (2 - -3).
5
Suppose 26 = -s + 9*t - 4*t, 0 = -2*s - t - 30. Let j = 23 + s. What is the remainder when 19 is divided by j?
5
Let v = -9 - -15. Let c(p) = 2*p + 4. What is the remainder when 45 is divided by c(v)?
13
Let c(g) = 4*g**2 - 4*g**2 - 2*g**2 + g**2 - 5*g. Let s be c(-5). Suppose -5*f - 2*t - t + 147 = s, -t + 4 = 0. What is the remainder when f is divided by 14?
13
Suppose 2 = -k + 2*k. Suppose 0 = -k*n + 11 + 41. Let t(m) = -m**3 - m + 9. What is the remainder when n is divided by t(0)?
8
Let r = 34 - 19. Calculate the remainder when r is divided by 6.
3
Let f(h) = -9*h - 3. Let s(v) = -8*v - 2. Let x(l) = -5*f(l) + 6*s(l). Let j be x(3). What is the remainder when 20/j*(-18)/4 is divided by 8?
7
Let f = -96 - -106. What is the remainder when 27 is divided by f?
7
Let t(c) = -5 + 18 + 0*c**2 + 4*c**2 - 11 - c**3. What is the remainder when t(3) is divided by 4?
3
Suppose y - 5*g = 21, 3*y + g = 4*g + 51. Calculate the remainder when 47 is divided by y.
15
Let o(w) = 121*w**2 + 1. Calculate the remainder when o(-1) is divided by 25.
22
Suppose 3*q = 3*j + 6, -3*q - 10 = 4*j - 37. Calculate the remainder when q is divided by 4.
1
Suppose 3*r - 3*f = 81, f - 57 = -3*r - 4*f. What is the remainder when 95 is divided by r?
23
Calculate the remainder when (-386)/(-8) - 9/(-12) - 4 is divided by 8.
5
Suppose 5*o - 5*b = 95, 2*b + 29 = 4*o - 47. Let a(t) = 6*t**2 - 2*t - 5. What is the remainder when a(-3) is divided by o?
17
Suppose -2*h + 2*g = 4 - 28, -g = -3*h + 36. What is the remainder when 34 is divided by h?
10
Let k(i) = i**2 + 2*i - 7. Suppose 5*c + 1 = -24. Calculate the remainder when 31 is divided by k(c).
7
Let v = 6 + 10. Calculate the remainder when 47 is divided by v.
15
Suppose -1 - 3 = -2*n. Let q = 0 - -13. What is the remainder when q/6 - (-3)/(-18) is divided by n?
0
Let d = 52 - 39. What is the remainder when 49 is divided by d?
10
Let q(n) = 43*n**2 + 22*n**2 - 17*n**2 - 2*n - 1. Suppose 84*w - 50*w = 578. What is the remainder when q(-1) is divided by w?
15
Let s = 9 + -11. Let v(p) = 4*p**2 + 2*p. Calculate the remainder when 34 is divided by v(s).
10
Let f = -16 + 24. What is the remainder when 29 is divided by f?
5
Let a = -5 - -7. Let w(f) = f**2 + 7*f + 1. Let v(x) = x**2 + 6*x + 1. Let d(z) = 6*v(z) - 5*w(z). What is the remainder when a is divided by d(-1)?
0
Suppose s = -4*s + 100. Suppose 7*w = -0*w + 266. What is the remainder when w is divided by s?
18
Calculate the remainder when 15 is divided by ((-12)/(-3) - -4) + 1.
6
Let o(r) = -r**2 + 4*r + 1. Let f be o(3). Suppose -f*q + 0*q + 8 = 0. What is the remainder when 5 is divided by q?
1
Suppose 4*a + 216 = -0*a. What is the remainder when a/(-2) - (0 - 2) is divided by 11?
7
Suppose 4*h = 2*q - 10, 2*h + 40 = 2*q + 4*h. Calculate the remainder when 41 is divided by q.
11
Let l be 1*(3 - (-1 - -3)). Suppose -6*g - 4 = -4*g. What is the remainder when 29 is divided by (g - 3)/(l/(-3))?
14
Let o be 212/12 - 1/(-3). Calculate the remainder when 158/o - (-8)/36 is divided by 5.
4
Let o = 44 + -31. Suppose 0 = 5*y - 5*m + 15, -m = 3*y - 0*m + 13. Let c(g) = 2*g**2 - g + 1. Calculate the remainder when c(y) is divided by o.
11
Suppose 0 = v - 8 - 23. What is the remainder when 119 is divided by v?
26
Suppose -147 = -3*k + 5*g - 4*g, 4*k - 201 = 3*g. Suppose -4*d - 4*n = -k, -2*d + d + n = -18. What is the remainder when 42 is divided by d?
12
Let h(b) = 3*b**3 - 3*b**2 - b + 1. Calculate the remainder when h(3) is divided by 27.
25
Calculate the remainder when 62 is divided by 130/8 + 1/(-4).
14
Let i(z) = -15*z. Let h = -9 + 6. What is the remainder when i(h) is divided by 12?
9
Let o(d) = d**3 + 9*d**2 + 6*d. Let c = -1 - 6. Calculate the remainder when o(c) is divided by 19.
18
What is the remainder when 122 is divided by -12*(-2 + (-6)/(-12))?
14
Suppose 10*r = 5*r. Suppose 4*q = -r*q + 96. Suppose -188 = -3*o - o. Calculate the remainder when o is divided by q.
23
Calculate the remainder when 71 is divided by 122/14 + 4 + 26/(-7).
8
Let k = -17 - -24. Let d(l) = l - 2. Calculate the remainder when k is divided by d(5).
1
Let n(h) = -4*h**2 - 6*h**2 + 3*h - 1 - 2*h. Let o be n(1). Let s = o - -43. What is the remainder when s is divided by 12?
9
Suppose -45 - 3 = -r. What is the remainder when r is divided by 17?
14
Let g = -14 + 18. What is the remainder when g is divided by 3?
1
Suppose -3*u - 81 = -3*s - 2*u, 61 = 2*s - 3*u. What is the remainder when s is divided by 7 - 2/(1 - 2)?
8
What is the remainder when 84 is divided by 22 - (1 - (0 + 1))?
18
Suppose 2 = -2*n, i + 0*i = -2*n. What is the remainder when 6 is divided by i?
0
Let b(v) = v**3 + 5*v**2 + 3*v. Calculate the remainder when ((-51)/5)/(3/(-10)) is divided by b(-3).
7
Suppose 6*z - 33 = 165. Calculate the remainder when z is divi